. Let w = 1992 + -1941. What is the remainder when l is divided by w?
50
Calculate the remainder when 131 is divided by (-17)/(1088/(-1696)) + 3/2 + -2.
1
Suppose -5*s + z = -19, -5*z - 50 = -3*s - 21. Suppose 72 = s*b - q, 5*b = 4*b - 5*q + 8. Calculate the remainder when b is divided by 8.
7
Let x(y) = -64*y - 1300. What is the remainder when 699 is divided by x(-21)?
39
Suppose -24*x - 56 = -28*x. Suppose -x*g + 3*g = -308. Calculate the remainder when 100 is divided by g.
16
Suppose -436*d + 214*d + 56958 = -211*d. What is the remainder when d is divided by 61?
54
Let l(f) = f**2 + 17*f - 186. What is the remainder when l(23) is divided by 103?
13
Suppose -263*v + 487*v = -911*v + 38590. Suppose 0*g - 4*u = -5*g + 661, 4*g - 534 = -2*u. Calculate the remainder when g is divided by v.
31
Let w(a) = a**2 + 4*a - 10. Let o = -87 + 67. Let f be 90/o*(1 + -2 + 3). Calculate the remainder when 101 is divided by w(f).
31
Suppose -37*j - 3*b - 37 = -41*j, 3*j - 4*b = 33. Calculate the remainder when (((-12)/(-3))/2)/((-6)/(-75)) is divided by j.
4
Suppose 0 = -116*o + 133*o - 799. What is the remainder when 793 is divided by o?
41
Let q = 910 - 825. What is the remainder when 351 is divided by q?
11
Let u(q) = 17*q + 105. Suppose -m - 5*o = 2*m - 126, 0 = 3*m - 3*o - 126. What is the remainder when m is divided by u(-6)?
0
Suppose 2*a - 18 = -3*u, -79*u = 3*a - 76*u - 33. What is the remainder when 1138 is divided by a?
13
Let a(d) = -33*d - 111. What is the remainder when a(-6) is divided by 37?
13
Suppose 34*d - 688 = -30*d + 56*d. Calculate the remainder when 534 is divided by d.
18
Suppose -3*p = -2*h - 19, -4*p + 7 = -0*h + h. Let f(b) = -31 - 7 - b**p + 78 - 2*b**2 - 21 - 2*b. What is the remainder when f(0) is divided by 11?
8
Let y(h) = 5*h**2 - h. Let m = -37 + 86. Let n = 59 - m. What is the remainder when n is divided by y(1)?
2
Let k(s) = -22*s - 10976. Let i be k(0). What is the remainder when (2/(1 - -3))/((-56)/i) is divided by 25?
23
Suppose 16*u = 13*u - 5*g + 107, -6*u + 165 = 3*g. Calculate the remainder when 31 is divided by u.
7
Let s = -519 + 891. Suppose -89*y - s = -93*y. What is the remainder when y is divided by 33?
27
Suppose 9442 + 11549 = 132*n - 3297. What is the remainder when n is divided by 1/2 - (-66)/4?
14
Let a(x) = 2*x**3 - 198*x**2 - 2*x + 470. Suppose 7 + 43 = 2*d. Calculate the remainder when a(99) is divided by d.
22
Suppose -4*d + 12 = 0, -126*d - 35 = -k - 122*d. Calculate the remainder when 1028 is divided by k.
41
Let y be 2*14 - (-40 - -44). What is the remainder when 61 is divided by (-24)/16*(-64)/y?
1
Calculate the remainder when (-1)/(5/(-6) - 4531/(-5520)) is divided by (90/(-4))/(18/(-24)).
20
Suppose 6*u = 164 - 20. Let k(g) = 2*g**2 + 68*g - 268. What is the remainder when k(-38) is divided by u?
12
Suppose 0 = j + 2*r - 122, -4*j + 0*j - r = -502. Suppose -j = 2*k - f, 5*k + 148 = 2*f - 165. Let n = -52 - k. What is the remainder when n is divided by 5?
4
Let j = 5474 + -4833. Calculate the remainder when j is divided by 65.
56
Let c = 4479 - 1949. Calculate the remainder when c is divided by 181.
177
Let t = -7 + 7. Suppose -4*d + 13 + 3 = t. Let q = -71 - -86. Calculate the remainder when q is divided by d.
3
Suppose 9*y + 454 = 12*y - z, 0 = y + z - 146. What is the remainder when y is divided by 7?
3
Let a = 958 + -213. Suppose 14*s - 783 = 379. Calculate the remainder when a is divided by s.
81
Suppose 790 = 5*t + 5*i, -5*i = 5*t - 8*t + 458. Calculate the remainder when 2173 is divided by t.
145
Let l = -716 - -728. Let o(y) be the first derivative of y**3/3 - 7*y**2/2 + 9*y - 2. What is the remainder when l is divided by o(6)?
0
Suppose 238 = 3*i + 13. Let y be 80/12*(7 - 1). Let p = y - 29. Calculate the remainder when i is divided by p.
9
Let c(h) = 2*h**2 - 20*h - 23. Suppose 9*r - 16*r = -84. Let i be c(r). Suppose 20*d - 21*d = -i. What is the remainder when 73 is divided by d?
23
Suppose 7*j + 210 - 770 = 0. Suppose j*c - 1104 = 74*c. Calculate the remainder when c is divided by 83.
18
Let l(r) be the second derivative of r**5/20 + 7*r**4/12 - 9*r**3/2 - 10*r**2 + 4*r + 4. What is the remainder when l(-8) is divided by 9?
6
Suppose -t + 69 = z - 11, -5*z = -t + 110. Suppose 13 = t*f - 84*f. Calculate the remainder when 230 is divided by f.
9
Let p = 89 + -71. Calculate the remainder when (-3 - 91/(-3))/(12/p) is divided by 9.
5
Suppose 0 = 3*x + t - 3, 5*x + 7*t - 1 = 4*t. Suppose 0 = -x*z + 339 - 91. Suppose -5*p + 115 = -10. What is the remainder when z is divided by p?
24
Let i = -80 - -200. Let g be (2 + -10 - -3)/(40/(-16)). Suppose -3*k + g*k + 31 = 0. What is the remainder when i is divided by k?
27
Let d(v) = -56*v**2 - 175*v + 6. Let b = -53 + 140. What is the remainder when b is divided by d(-3)?
6
Let b(i) = -5*i + 14. Let q be b(9). Let z(m) = -2*m - 28. Let v(r) = 4*r**2 - r - 7. What is the remainder when v(6) is divided by z(q)?
29
Let x(s) = -s**2 + 29*s - 42. Let z be x(25). Let w = z + -22. Let y(q) = 12*q**2 - 2*q + 3. Calculate the remainder when y(3) is divided by w.
33
Suppose 0 = v - 3*g - 83, -3*v - 3*g + 166 = -v. Let x(d) = -25*d**3 - 3*d**2 - 1. Suppose 3*m - 2 = 5*m. What is the remainder when v is divided by x(m)?
20
Let h = -55 - -70. Let k = h - 20. Let q(z) = 6*z**2 - 4*z - 1. What is the remainder when q(k) is divided by 43?
40
Let t(b) be the first derivative of -1/3*b**3 - 14*b - 13/2*b**2 - 8. What is the remainder when 63 is divided by t(-10)?
15
Let u be 35/(-20) - (-2)/(-8). Let f be (-18)/108 + (-1)/((-12)/(-334)). What is the remainder when -14*119/f + 1/u is divided by 20?
19
Let j = -904 + 1110. Calculate the remainder when j is divided by 49.
10
Let p(u) = -53*u - 2145. Calculate the remainder when 276 is divided by p(-41).
24
Suppose 0 = 3*j - 3*l - 126, 4*j - 107 = -3*l + 5. Let i(q) = -q**2 - 14*q - 4. Calculate the remainder when j is divided by i(-12).
14
Let m = -657 + 1574. Calculate the remainder when m is divided by 27.
26
Suppose -2*q = 2*g + 3*q + 6, 0 = 3*g + q - 4. Suppose -4 = -g*c - 0*c. Suppose -4*i + 90 = c*i. What is the remainder when i is divided by 5?
0
Calculate the remainder when 2146/203*(1 + 2988/8) is divided by 27.
17
Let b(h) = h**2 - 9*h - 12. Let i(f) = -f**2 + 10*f + 13. Let t(c) = 4*b(c) + 3*i(c). Let y = 86 - 78. What is the remainder when t(y) is divided by 5?
2
Suppose 25*q - 5*o - 512 = 23*q, 0 = -4*q - o + 1024. What is the remainder when 832 is divided by q?
64
Let v = -2487 + 3050. What is the remainder when 1706 is divided by v?
17
Let k = 33 + -19. Suppose -3*m - 2*m + 3*c = k, 2*m + 5*c - 13 = 0. Let j = 123 + m. What is the remainder when j is divided by 31?
29
Suppose 0 = -d + 5*m + 66, -4 + 16 = 3*m. Suppose a + 5*u = d, 67 + 130 = 2*a + 5*u. Calculate the remainder when a is divided by 19.
16
Let p = 79 - 80. Let l(o) = 15*o**2 + 4*o + 6. What is the remainder when 83 is divided by l(p)?
15
Let g = -3755 + 3810. Calculate the remainder when g is divided by 28.
27
Suppose -21*s = -50*s + 464. Calculate the remainder when 3532 is divided by s.
12
Suppose 3*s - 4824 = -4*c - 1187, -5*s - 2*c + 6071 = 0. What is the remainder when s is divided by 194?
51
Let n be (-11)/(-3)*966/23. Let y = n - 127. Calculate the remainder when y is divided by 6.
3
Suppose 235*x + 39456 = 163*x. Let b be ((-308)/(-6))/((-3)/(-45)). Let a = b + x. Calculate the remainder when a is divided by 28.
26
Suppose -15*p - 259 = -8*p. Let w = p - -116. What is the remainder when w is divided by 14?
9
Suppose 5*m - 5*x = 1360, -6*x + 7*x = -2*m + 559. What is the remainder when m is divided by 118?
41
Let k(r) be the first derivative of -r**4/2 + 3*r**3 + 9*r**2/2 - r - 69. What is the remainder when 112 is divided by k(5)?
17
Let i be ((-149)/(-4))/(16/128). Suppose 4*g + 222 = i. Calculate the remainder when 21 is divided by g.
2
What is the remainder when 32 is divided by -5 - -2 - (3*16)/(-2)?
11
Suppose 0 = -j + 186 - 178, z = -j + 1828. What is the remainder when z is divided by 79?
3
Suppose 312 = 28*b - 20*b. What is the remainder when -51*(87/(-145))/(1/5) is divided by b?
36
Let z = 378 + -1583. Let y be (-2)/12 + z/(-30). Suppose y = 11*h - 9*h. What is the remainder when h is divided by 7?
6
Suppose 4*o - 25